y 27.
26
Let i(y) = y - 2. Let l = -6 - -13. What is the remainder when 13 is divided by i(l)?
3
Suppose 3*d - s - 12 = 3, 3*s = -5*d + 25. Suppose 291 = d*k - 4*o, 28 + 31 = k - o. What is the remainder when k is divided by 14?
13
Suppose 5*a + 16 = r + a, 0 = -5*r - 5*a + 180. What is the remainder when r is divided by 2/(-4)*(-4 - 18)?
10
Let z(y) = y**2 - 5. Calculate the remainder when 10 is divided by z(-3).
2
Suppose 10 = -2*s + 2. Let i = -2 - s. Suppose -h + z = 2, i*z - 6 - 6 = -2*h. Calculate the remainder when 3 is divided by h.
1
Suppose -405 = -4*t + 655. Suppose -t = -3*c - 2*c. Let p = -206 - -224. Calculate the remainder when c is divided by p.
17
Suppose -n + 4*q = 3*n - 168, 5*q - 166 = -3*n. Calculate the remainder when n is divided by 12.
11
Let i(g) = -2*g**2 - 38*g - 37. What is the remainder when i(-15) is divided by 21?
20
Let z = 63 - 23. Let v = -26 + z. What is the remainder when 27 is divided by v?
13
Suppose -337 + 40 = -9*j. What is the remainder when 63 is divided by j?
30
Let v(k) = -k**2 + 8*k + 4. Suppose 2 - 9 = -u. What is the remainder when u is divided by v(8)?
3
Suppose 0 = -5*n - 2*t + 71, 2*t - 11 = -2*n + 15. Calculate the remainder when n is divided by 5.
0
Let g(h) = 2*h**2 + 6*h - 1. What is the remainder when 139 is divided by g(-6)?
34
Suppose -3*b - 3 = 0, 2*g - b - 1 = 2*b. What is the remainder when 103 is divided by g/(-4) - (-412)/16?
25
Suppose 5*w = b - 68, w + w = -5*b + 286. Calculate the remainder when b is divided by 12.
10
Calculate the remainder when 6 is divided by (-8)/(-12) - 4/(-3).
0
Suppose -3*c - 3*d = -156, -4*d = c - 2*d - 49. Suppose 5*u - 2*u = -5*w + 47, u + 5*w - 19 = 0. What is the remainder when c is divided by u?
13
Calculate the remainder when ((-6)/15)/((-2)/60) is divided by 5.
2
Let w = -15 - -226. What is the remainder when w is divided by 54?
49
Suppose -n - q + 18 = 0, -5*q = -2*q + 3. Let b = 37 - n. Calculate the remainder when b is divided by 7.
4
Let z be (-5)/1*(1 - 2). What is the remainder when 6/3*1 + 19 is divided by (-4)/(-10) - (-53)/z?
10
Let k = -6 - -9. Suppose -k*g + 13 + 26 = 3*h, 4*g - 52 = -h. Suppose -d - 2 = -g. What is the remainder when 19 is divided by d?
8
Suppose 4*i + 2*p - 21 = p, 4*i - 33 = 3*p. Let w be 274/(i/(1 - -2)). Let b = w + -95. Calculate the remainder when b is divided by 15.
12
Let m be 0/(-3 - 0) - -1. Suppose -35 - m = -q. Calculate the remainder when q is divided by 13.
10
Let b(c) = 2*c**2 + 13*c - 10. Let o be b(-10). Let n(q) = q + 6. Let u be n(-4). Suppose 5*z = u*z + o. Calculate the remainder when z is divided by 7.
6
Let t(m) = -3*m - 1. Let u be t(-1). Suppose y = -y + u. What is the remainder when (y + 0)*18 + -2 is divided by 9?
7
Let x(n) = 4*n + 1. What is the remainder when 33 is divided by x(2)?
6
Let j(d) = d**2 - 7*d + 8. Calculate the remainder when 61 + 4 + -1 + -2 is divided by j(8).
14
Suppose 2*s - 211 = 5*r, 5*s - 3*r - 536 = r. Calculate the remainder when s is divided by 37.
34
Suppose -199 = -9*t - 55. Suppose 38 = f + 5*l - 27, -4*f + 237 = -3*l. What is the remainder when f is divided by t?
12
Let n be 1/((-2)/4) + 83. Let b = -11 - -27. Calculate the remainder when b is divided by ((-4)/6)/((-9)/n).
4
Let m be (88/20)/((-1)/(-5)). Suppose 80 + m = 3*t. Calculate the remainder when t is divided by 12.
10
Suppose 8*u - 175 = 3*u. Calculate the remainder when u is divided by 19.
16
Let w(n) = n**2 + n + 1. Let i be w(0). Suppose 3*o - 3*v - 57 = -6, -4*o + v = -83. Calculate the remainder when o is divided by (-4)/((-1)/i) - -2.
4
Let f be -1 + 1 + 48/(-6). What is the remainder when 15*1*f/(-6) is divided by 11?
9
Let z(l) = -5*l - 7. Suppose 4*b = -3*n - 14, 3*b - 3*n + 14 = -7. Let p be z(b). Let d = 35 - p. Calculate the remainder when 49 is divided by d.
15
Suppose -f = -0*f - 22. Calculate the remainder when 32 is divided by (2/(-4))/((-1)/f).
10
Let b = -8 + 40. What is the remainder when b is divided by 7?
4
Let g(p) = -p**3 + p + 66. Calculate the remainder when g(0) is divided by 17.
15
Let i be -1*(2 - 6*1). Let q(c) = c**2 + 5*c**2 - 18*c + 14*c - c**3 - 5. Calculate the remainder when 32 is divided by q(i).
10
Suppose -2*g - 2*r + 8 = -3*g, -3*r = -6. Calculate the remainder when 43 is divided by (88/(-6))/g*6.
21
Let l(y) = 7*y - y + y + 6*y - y**2. What is the remainder when 35 is divided by l(12)?
11
Suppose -6*h + 134 = -h + 4*w, -4*h + 101 = -3*w. What is the remainder when 76 is divided by h?
24
Let h be (-3)/(-2)*8/(-6). Let x(q) = q - 1. Let i be x(h). What is the remainder when 23 is divided by 24/(-10)*10/i?
7
Let d(k) = k**3 - 9*k**2 + 10. Let m be d(9). Let h = m + -14. Calculate the remainder when 47 is divided by 8/h*-1*8.
15
Let r(p) = 2*p + p - 2*p - 1. Let h be r(3). Suppose -h*f + 28 + 14 = 0. What is the remainder when f is divided by 11?
10
Suppose 4*p + 4*p = 352. What is the remainder when 85 is divided by p?
41
Suppose -2*q + 13 = -3*t, -7*q = -3*q + 3*t + 1. Suppose -5*d + 80 = 4*i, -q*i - 2*i - d = -80. Calculate the remainder when 58 is divided by i.
18
Calculate the remainder when 12 is divided by -5*6*(-4)/40.
0
Let t(u) = -9*u - 46. Calculate the remainder when t(-7) is divided by 11.
6
Suppose -2*i + 0 = 2. Let n be (i - -2)/(2/14). Suppose 4*m + 8*p = 3*p + 22, -m + 5*p - n = 0. Calculate the remainder when 8 is divided by m.
2
What is the remainder when 3 is divided by 18/(-24)*(-16)/6?
1
Let p(g) = -g**2 + 12*g - 10. Calculate the remainder when 1 is divided by p(11).
0
Calculate the remainder when 59 is divided by 6/12 - 95/(-10).
9
Let o(c) = c**3 - 5*c**2 - 5*c - 10. Let q be o(7). Calculate the remainder when (-4)/4 + -2 + q is divided by 13.
11
What is the remainder when 52 is divided by (-4)/8 + (-57)/(-6)?
7
Let h(r) = r**2 + 3*r - 2. Let f be h(-5). Suppose -25 - 6 = -l. Calculate the remainder when l is divided by (-12)/f - (-70)/4.
15
Calculate the remainder when 23 is divided by (-6 + -1 + 15/(-5))*-1.
3
Suppose 3*v + 7 = x + 7*v, 4*v + 16 = 0. Let c be 40/(-6)*6/(-4). Let l = 22 - c. What is the remainder when x is divided by l?
11
Suppose -4*x - 929 = 2*w - 7*w, 4*w + 3*x - 737 = 0. Calculate the remainder when w is divided by 31.
30
Let c = 35 + -8. Let u = c + -19. Let j(z) = z**2 - 9*z + 9. Calculate the remainder when j(u) is divided by 1.
0
Let f = 37 + -29. Calculate the remainder when f is divided by 4.
0
Let v(h) = -12*h - 1. Let y = 18 + 19. Suppose 4*i - y = -13. Calculate the remainder when v(-1) is divided by i.
5
Suppose -7*d = d - 72. What is the remainder when 34 is divided by d?
7
Let k be 6/21 - 9/7. Let y = -25 + 56. What is the remainder when y is divided by (-2)/(k*2)*16?
15
Suppose -2*d - d = -15. Suppose 5*h = -4*v + 14, -d*h - 2*v + v = -11. What is the remainder when 3 is divided by h?
1
Suppose 2 = j - 0*j. Suppose 3*r = 2 + 7. Suppose -5*b = -r*b - 4. What is the remainder when b is divided by j?
0
Suppose 4*v + 16 - 144 = 0. Let c = -10 + v. Suppose c = -4*k + 290. What is the remainder when k is divided by 23?
21
Let b = -6 - -11. What is the remainder when 32 is divided by (-4)/10 - (-87)/b?
15
Suppose -3*s - 18 = -6*s. Let b(u) = -3*u**2 - 9*u + 4. Let p(w) = -w**2 - w. Let i(t) = b(t) - 4*p(t). What is the remainder when i(6) is divided by s?
4
Suppose 0*d = -3*d + 75. What is the remainder when d is divided by ((-12)/(-10))/((-6)/(-45))?
7
Let j be (3/(-2))/((-2)/8). Suppose -4*f + 144 = -g, 2*f - g + j*g = 94. What is the remainder when f is divided by 10?
7
Suppose -78 = 8*v - 278. What is the remainder when v is divided by 10?
5
Suppose 0*l - 3*l = -114. What is the remainder when l is divided by 13?
12
Let h be 1*15*7/21. Suppose -k - 8 = -i, 0*k + h*k + 4 = i. Calculate the remainder when i is divided by 3.
0
Suppose -2*c - 3*d + 2*d + 108 = 0, -c = -5*d - 43. Calculate the remainder when c is divided by 14.
11
What is the remainder when 8 is divided by ((-9)/(-27))/(1/9)?
2
Suppose 7 = b + 3, -2*b + 8 = -4*x. Suppose x = 5*s + f + 2*f - 152, -2*f + 60 = 2*s. Calculate the remainder when s is divided by 11.
9
Suppose -4*u = -2*q + 496, -1019 = -4*q - u - 0*u. What is the remainder when q is divided by 15?
14
Suppose -9 - 27 = -6*n. Suppose -31 = -2*c + 5*x, -c + 2*x + 14 = -0*x. What is the rem